r of r and 26.
13
Let b be ((-1)/(9/(-21)))/(3/324). Calculate the highest common divisor of 63 and b.
63
Let y(h) = -17*h - 30. Let a be y(-2). Let v = 17 - 1. What is the highest common divisor of v and a?
4
Let m be (-3 - -7)*498/8. What is the greatest common divisor of m and 3?
3
Let u(q) = 4*q + 1. Let t be u(1). Suppose -4*r + 9*r - t = 0. What is the greatest common factor of r and 1?
1
Suppose -s + 0*s + 285 = -3*b, 590 = 2*s - 2*b. What is the greatest common divisor of s and 90?
30
Let r = 3 + 0. Suppose h + 3 + 0 = 3*f, -3*h + r = -3*f. Suppose 0*v - 5*v = 4*z - 62, 0 = -4*z + 5*v + 82. Calculate the highest common divisor of z and h.
3
Let p be 209 + -17 - -1*4*1. What is the greatest common divisor of p and 8?
4
Let p(w) = -25*w + 49. Let b be p(-11). Calculate the highest common factor of 60 and b.
12
Let r(k) = k**2 - 20*k + 105. Let z be r(20). Let i = 14 - -1. What is the greatest common divisor of z and i?
15
Suppose -8*a - 3*o = -5*a - 393, 5*a = -2*o + 658. What is the greatest common divisor of a and 72?
12
Suppose -8*r + 1228 - 164 = 0. What is the greatest common factor of r and 35?
7
Let u(r) = -3*r. Let n be u(-4). Suppose 6*y - n = 300. What is the greatest common factor of y and 13?
13
Suppose 5 = -43*m + 38*m. Let h(u) = -90*u**3 + u**2 + u. Let c be h(m). Let n be 2/(-5) - 182/(-5). What is the highest common factor of n and c?
18
Let f(l) = 135*l - 1. Let y be f(1). Let p = y - 79. What is the greatest common divisor of 11 and p?
11
Let d be ((-4)/12)/((-15)/810). Calculate the greatest common factor of 138 and d.
6
Suppose -v + 28 = 3*g - 0*v, 0 = -3*g - 5*v + 32. Let m(l) = l + 9. Let u be m(10). Suppose 2*p = -1 + u. Calculate the highest common divisor of g and p.
9
Let h(c) = 2*c**3 - 5*c**2 + 2*c + 3. Let i be h(3). Let t = 26 - i. Calculate the highest common divisor of t and 8.
8
Let n(x) = x**3 - x**2 + 3*x - 7. Let q be n(2). Let b be (-1)/(1 + q) + (-2783)/(-44). What is the greatest common factor of b and 7?
7
Let q be -3 - (-11 - 16/(-4)). Suppose -3*j + q*f + 30 = 0, j - 8 - 2 = f. Suppose -j*u + 15*u = 55. Calculate the greatest common factor of 44 and u.
11
Let i(m) = -2*m**2 + 33*m - 14. Let h be i(16). Let t be h*-14*(-1 - 0). Suppose -2 = -4*b + 54. What is the highest common divisor of t and b?
14
Let p(k) = k**2 + 4*k - 8. Let s be p(4). Suppose -s + 9 = -5*m. Suppose -3*a - m*w - 2*w = -442, 5*w + 174 = a. What is the greatest common factor of a and 22?
22
Let x be (-377)/(-116)*(-16)/(-2 + 0). Let n = x - -79. Calculate the greatest common factor of 42 and n.
21
Suppose -5*g + 150 = -2*g. Suppose -3*l + 3*o = 7881, 3*l = -5*o - 734 - 7155. Let i be l/(-21) + 3/(-21). What is the greatest common factor of g and i?
25
Suppose 4*w = 5*a - 32, 2*w = 8*a - 5*a - 16. Let m be w/(-12) - (2 - 32/6). Suppose -60 - 20 = -4*c. Calculate the highest common divisor of m and c.
4
Suppose 23 = 5*u + 8. Let d be 3/(3*u/279). Let b = -595 + 657. Calculate the highest common factor of b and d.
31
Suppose 5*w = -8 + 1128. Calculate the highest common factor of w and 14.
14
Suppose -2*o - 17*o = -912. Calculate the highest common factor of o and 48.
48
Suppose 4*s + 24 = i, 4*i + 4*s - s = 1. Suppose -2*l + 225 - 83 = i*w, 2*l = w - 23. Calculate the highest common factor of 77 and w.
11
Let t = 23 - -13. Suppose 4*p = -0 + t. Calculate the greatest common divisor of p and 81.
9
Let a(s) = 2*s. Let f be a(2). Suppose -46*b + 41*b + 435 = 0. Suppose f*g - 29 = -o, -o - 2*g = -4*o + b. Calculate the greatest common divisor of 203 and o.
29
Let q be 189/28*(-24)/(-9). Calculate the greatest common divisor of 5 and q.
1
Let i = -4 - -6. Let r = i - -2. Suppose 2 = -r*n + 5*h + 62, 4*n - h = 60. Calculate the highest common factor of 3 and n.
3
Let v(q) be the third derivative of -q**5/60 - 2*q**4/3 - q**3 + 45*q**2. Let c be v(-6). What is the greatest common divisor of 18 and c?
18
Let s(i) = 2*i**2 + 23*i - 30. Let z be s(-13). What is the greatest common divisor of 477 and z?
9
Let h = -663 + 669. What is the greatest common factor of h and 354?
6
Suppose 124 = 5*r - 26. Let y = -348 - -618. What is the highest common factor of y and r?
30
Suppose 75 = 4*x - 3*d - 33, 28 = x - d. Let h be x/1 - 4 - (-4)/(-1). What is the highest common factor of 64 and h?
16
Let w(p) = -4*p. Let j = 8 + -10. Let h be w(j). Let a(m) = -13*m - 6. Let c be a(-6). What is the greatest common factor of h and c?
8
Let l(p) = -4*p + 10. Let o be l(-17). Suppose -6*d = -3*d - o. Let s(f) = 3*f**2 + f - 5. Let q be s(-4). What is the highest common divisor of q and d?
13
Suppose 0 = 3*k + 12, -66 = u + u - 4*k. Let p = u + 96. Suppose 2*b - j = p + 60, -b + 50 = -2*j. Calculate the highest common divisor of 12 and b.
12
Let y(d) = -6*d**3 + 25*d**2 + 4*d + 2. Let n be y(4). What is the greatest common divisor of n and 51?
17
Let n(v) = 11*v**2 - 4*v + 1. Let f be n(1). Suppose -2*s + o + f = 0, -4*o + 0*o = 16. What is the greatest common factor of 18 and s?
2
Suppose g = 4*s - 0*g - 353, -3*s - 4*g + 260 = 0. Suppose -2*d - 44 = -6*d. What is the greatest common divisor of d and s?
11
Let x be (-93)/4*40/(-15) - 4. Calculate the highest common divisor of 203 and x.
29
Let g = 64 + -58. Let n be ((-14)/g)/7*-3. What is the greatest common factor of 9 and n?
1
Suppose 3 + 13 = 4*q. Suppose 2*m = q*s + 4, -3*s + 75 = -m + 6*m. Let j be (0 + 2/4)*m. What is the highest common divisor of 54 and j?
6
Suppose -253 = -26*x + 371. What is the greatest common factor of 30 and x?
6
Let i be (128/12)/(1/6). Let r be (78/9 + -2)*-10*(-84)/175. What is the greatest common factor of i and r?
32
Let x be 1*(-2 - -3) - (0 + -2). Suppose -5*o + 0*k = -3*k - 43, 19 = 2*o - x*k. Calculate the highest common divisor of 8 and o.
8
Let h(z) = -z**2 + 10*z - 13. Let l be h(8). Suppose -3*g + 69 = l*o + 2*o, 0 = -3*o. Calculate the greatest common factor of 23 and g.
23
Let s = 13 + -19. Let j = 69 + s. Let n = j + -18. What is the greatest common factor of n and 5?
5
Let g(l) = -l**3 + 14*l**2 - 12*l - 10. Let h be g(13). Suppose 305 = h*v - 2*w, -w + 0*w = 4. What is the greatest common factor of v and 9?
9
Let a(b) = -2*b**2 + 4*b - 6. Let t(x) = 6*x**2 - 12*x + 17. Let q(s) = 17*a(s) + 6*t(s). Let w be q(-3). What is the greatest common factor of 10 and w?
10
Let r = 1 - -15. Let l(b) = 17*b**2 - 1. Let s be l(-1). Calculate the greatest common factor of s and r.
16
Let m be 204/32*2*76/57. What is the greatest common factor of 629 and m?
17
Let r = -1044 - -1247. What is the highest common divisor of r and 116?
29
Suppose 15*q - 537 + 147 = 0. Calculate the greatest common divisor of 286 and q.
26
Let t be -4*(20/(-8) + 2). Suppose 0 = 2*j - t*y - 24, -4*y + 9*y - 80 = -5*j. What is the highest common divisor of 56 and j?
14
Let a be (0 + 140)*121/44. Calculate the greatest common divisor of a and 495.
55
Let p(n) = -4 - 11*n + 3 - 6*n**2 - n**3 - 5. Let r be p(-7). Suppose -7*g + r = -2*g. Calculate the greatest common factor of 4 and g.
4
Let u be (99*1/(-5))/(18/(-60)). Calculate the greatest common divisor of 44 and u.
22
Suppose 2*n = -4*u - 4, 4*n = -2*u + 9 - 5. Let v = 6 - 14. Let x be u*(-3 - (-116)/v). Calculate the highest common divisor of 5 and x.
5
Suppose 15*u - 113 = 7. Calculate the greatest common factor of 20 and u.
4
Let c(z) = -23*z + 8. Let d be c(1). Let l be (-264)/d*(-10)/(-4). Calculate the highest common factor of l and 88.
44
Suppose k = -3*h - 2*k + 327, -5*k = 2*h - 233. Let i(g) = 13*g**3 + 2*g - 2. Let c be i(1). Calculate the highest common divisor of c and h.
13
Let d = -246 - -480. Let m(t) = -t**3 - 4*t**2 + 1. Let v = 4 + -9. Let j be m(v). Calculate the highest common divisor of j and d.
26
Let n(f) = f**2 - f - 6. Let m be n(5). Let z(d) = d**2 + 5*d + 5. Let s be z(-6). Suppose -8*o = -s*o + 378. Calculate the greatest common factor of m and o.
14
Suppose 0*t = t - 149. Let m = -53 + t. Suppose 4*y = 3*f + 51, -3*y + 0*y + 4*f = -40. What is the highest common divisor of m and y?
12
Suppose -340 + 124 = -12*l. What is the highest common divisor of l and 36?
18
Let a be 834477/869 + 6/(-22). Calculate the highest common divisor of 15 and a.
15
Suppose -712 = -4*l - 2*k, 0 = -3*l - 4*k + 503 + 41. Suppose 0 = 5*a